31, 3733
List the prime factors of 31434440.
2, 5, 785861
List the prime factors of 99664.
2, 6229
What are the prime factors of 16214629?
479, 33851
List the prime factors of 38727.
3, 13, 331
List the prime factors of 8735103.
3, 13, 5743
List the prime factors of 344940.
2, 3, 5, 5749
What are the prime factors of 1717973?
1717973
List the prime factors of 653287.
601, 1087
What are the prime factors of 12555672?
2, 3, 59, 8867
What are the prime factors of 1124663?
47, 23929
What are the prime factors of 2443055?
5, 488611
What are the prime factors of 8337213?
3, 926357
What are the prime factors of 1428160?
2, 5, 4463
What are the prime factors of 829996?
2, 19, 67, 163
List the prime factors of 3784116.
2, 3, 7, 19, 2371
What are the prime factors of 2312045?
5, 462409
List the prime factors of 2682364.
2, 151, 4441
What are the prime factors of 24615840?
2, 3, 5, 51283
List the prime factors of 937818.
2, 3, 7, 827
List the prime factors of 516914.
2, 19, 61, 223
What are the prime factors of 1841934?
2, 3, 37, 8297
List the prime factors of 76633.
197, 389
List the prime factors of 10850149.
71, 152819
What are the prime factors of 32045264?
2, 2002829
List the prime factors of 156361.
156361
List the prime factors of 14056424.
2, 233, 7541
What are the prime factors of 2828212?
2, 707053
What are the prime factors of 398456?
2, 49807
List the prime factors of 759423.
3, 7, 29, 43
What are the prime factors of 10205146?
2, 7, 23, 41, 773
List the prime factors of 12888986.
2, 11, 585863
What are the prime factors of 1761090?
2, 3, 5, 47, 1249
What are the prime factors of 175202?
2, 17, 5153
What are the prime factors of 2614353?
3, 7, 124493
What are the prime factors of 454647?
3, 151549
List the prime factors of 1721132.
2, 7, 61469
List the prime factors of 143502.
2, 3, 23917
What are the prime factors of 1210311?
3, 89, 1511
List the prime factors of 107577.
3, 11953
List the prime factors of 18828.
2, 3, 523
What are the prime factors of 4521381?
3, 31, 61, 797
List the prime factors of 4308098.
2, 19, 113371
List the prime factors of 953410.
2, 5, 67, 1423
List the prime factors of 3417325.
5, 136693
What are the prime factors of 395476?
2, 98869
What are the prime factors of 546925?
5, 131, 167
List the prime factors of 2581382.
2, 17, 23, 3301
List the prime factors of 6273.
3, 17, 41
What are the prime factors of 526187?
197, 2671
What are the prime factors of 265292?
2, 29, 2287
What are the prime factors of 64024?
2, 53, 151
What are the prime factors of 69283?
79, 877
What are the prime factors of 870032?
2, 54377
List the prime factors of 1271425.
5, 50857
List the prime factors of 1023687.
3, 7, 16249
List the prime factors of 469411.
469411
What are the prime factors of 567085?
5, 113417
What are the prime factors of 912200?
2, 5, 4561
What are the prime factors of 7784891?
7784891
What are the prime factors of 10627433?
461, 23053
What are the prime factors of 7831886?
2, 313, 12511
What are the prime factors of 92135?
5, 18427
List the prime factors of 145099.
41, 3539
What are the prime factors of 307940?
2, 5, 89, 173
What are the prime factors of 412268?
2, 103067
What are the prime factors of 2009042?
2, 7, 143503
List the prime factors of 26921193.
3, 13, 29, 1831
List the prime factors of 4040642.
2, 2020321
List the prime factors of 145120.
2, 5, 907
What are the prime factors of 3553723?
3553723
What are the prime factors of 919909?
29, 31721
List the prime factors of 1023338.
2, 511669
What are the prime factors of 1050696?
2, 3, 14593
List the prime factors of 452816.
2, 7, 13, 311
List the prime factors of 151870.
2, 5, 15187
List the prime factors of 10663047.
3, 19, 127, 491
What are the prime factors of 1578251?
997, 1583
What are the prime factors of 2191586?
2, 1095793
What are the prime factors of 3655420?
2, 5, 193, 947
List the prime factors of 4734721.
17, 41, 6793
What are the prime factors of 2012395?
5, 7, 11, 5227
What are the prime factors of 444713?
444713
List the prime factors of 229874.
2, 17, 6761
List the prime factors of 1777287.
3, 592429
List the prime factors of 5063458.
2, 29, 67, 1303
What are the prime factors of 4324875?
3, 5, 19, 607
List the prime factors of 23100681.
3, 7700227
List the prime factors of 229582.
2, 191, 601
What are the prime factors of 622080?
2, 3, 5
What are the prime factors of 345034?
2, 172517
What are the prime factors of 135119?
135119
What are the prime factors of 23638171?
61, 479, 809
List the prime factors of 189410.
2, 5, 13, 31, 47
What are the prime factors of 25468?
2, 6367
What are the prime factors of 19703388?
2, 3, 37, 199, 223
What are the prime factors of 161595?
3, 5, 7, 19
List the prime factors of 61546.
2, 30773
What are the prime factors of 1216214?
2, 17, 35771
What are the prime factors of 278859?
3, 7, 271
What are the prime factors of 12779163?
3, 251, 5657
What are the prime factors of 200314?
2, 47, 2131
What are the prime factors of 565959?
3, 188653
What are the prime factors of 59414?
2, 61, 487
List the prime factors of 193605.
3, 5, 12907
List the prime factors of 584342.
2, 11, 26561
What are the prime factors of 451149?
3, 150383
What are the prime factors of 132454?
2, 7, 9461
List the prime factors of 10077136.
2, 43, 97, 151
What are the prime factors of 2731851?
3, 303539
List the prime factors of 686306.
2, 343153
List the prime factors of 79362.
2, 3, 4409
What are the prime factors of 409483?
409483
What are the prime factors of 239662?
2, 119831
List the prime factors of 46445.
5, 7, 1327
What are the prime factors of 3262562?
2, 89, 18329
What are the prime factors of 1002851?
1002851
List the prime factors of 1496304.
2, 3, 10391
What are the prime factors of 271694?
2, 17, 61, 131
List the prime factors of 5492275.
5, 17, 12923
What are the prime factors of 2212616?
2, 7, 39511
What are the prime factors of 9290471?
677, 13723
What are the prime factors of 1333590?
2, 3, 5, 44453
What are the prime factors of 28751540?
2, 5, 1437577
What are the prime factors of 173128?
2, 17, 19, 67
List the prime factors of 3593461.
131, 27431
List the prime factors of 2772832.
2, 73, 1187
List the prime factors of 125773.
29, 4337
List the prime factors of 1435852.
2, 11, 32633
What are the prime factors of 452636?
2, 113159
What are the prime factors of 172777?
11, 113, 139
What are the prime factors of 339787?
7, 48541
List the prime factors of 5430699.
3, 197, 1021
List the prime factors of 114403.
233, 491
List the prime factors of 2984536.
2, 53, 7039
List the prime factors of 650271.
3, 216757
What are the prime factors of 500158?
2, 23, 83, 131
What are the prime factors of 7703214?
2, 3, 1069, 1201
What are the prime factors of 162123?
3, 13, 4157
List the prime factors of 11356761.
3, 13, 291199
What are the prime factors of 562491?
3, 83, 251
What are the prime factors of 2101801?
13, 107, 1511
What are the prime factors of 23624982?
2, 3, 257, 5107
List the prime factors of 2556986.
2, 1278493
What are the prime factors of 198666?
2, 3, 13, 283
List the prime factors of 3320476.
2, 101, 8219
What are the prime factors of 123759?
3, 13751
List the prime factors of 15464376.
2, 3, 214783
List the prime factors of 132872.
2, 17, 977
List the prime factors of 651200.
2, 5, 11, 37
List the prime factors of 3532717.
3532717
What are the prime factors of 1391923?
13, 107071
List the prime factors of 198856.
2, 7, 53, 67
What are the prime factors of 7203412?
2, 1800853
What are the prime factors of 1750450?
2, 5, 13, 2693
List the prime factors of 760616.
2, 31, 3067
What are the prime factors of 2699125?
5, 11, 13, 151
What are the prime factors of 41631290?
2, 5, 37, 3041
List the prime factors of 606799.
79, 7681
What are the prime factors of 215096?
2, 7, 23, 167
What are the prime factors of 440029?
131, 3359
What are the prime factors of 185526?
2, 3, 11, 937
List the prime factors of 630774.
2, 3, 11681
List the prime factors of 5350461.
3, 17, 104911
List the prime factors of 20583393.
3, 439, 15629
List the prime factors of 9560848.
2, 11, 54323
List the prime factors of 7084535.
5, 113, 12539
List the prime factors of 890963.
890963
List the prime factors of 3344.
2, 11, 19
What are the prime factors of 